f ((-1)/1)/((-2)/b) - -116?
1
Let x(m) = -77*m - 355. What is the thousands digit of x(-18)?
1
What is the thousands digit of (1 + -11)*(1 + 4 + -120)?
1
Let y = -1698 + 3186. What is the tens digit of y?
8
Let x = -21 + 24. Let r(a) = 2*a**3 - 3*a**2 - 3*a + 2. What is the units digit of r(x)?
0
Let z = 311 + -444. Let o = z - -187. Suppose 2*p = -3*v - p + o, -2*v + 32 = p. What is the units digit of v?
4
Let k = -749 + 1077. What is the hundreds digit of k?
3
Let x(t) = -2*t**2 - 2*t - 4. Let c(r) = r**2 + 2*r + 5. Let n(m) = -2*c(m) - 3*x(m). Suppose 9*q + 11 + 16 = 0. What is the units digit of n(q)?
2
What is the units digit of 172/14 - (-24)/(-84)?
2
Let h = 21 + -18. Suppose -30 = -0*m - h*m. Suppose t - m = 37. What is the tens digit of t?
4
Suppose -2*j = -9 - 1. Suppose -j*q + 223 = -3*t, -5*q + 44 = -5*t - 171. What is the units digit of q?
7
Suppose 148*o = 139*o + 4797. What is the units digit of o?
3
Let x be 10*8*2/20. Let q = 12 + x. What is the units digit of q?
0
Suppose 17*s = p + 16*s - 269, -4*s - 1342 = -5*p. What is the units digit of p?
6
Suppose -5*c - a = 13 - 48, -2*c - 2*a = -14. Suppose c*g - 243 = 807. What is the hundreds digit of g?
1
Let k(c) be the third derivative of -c**6/120 + c**5/30 + 3*c**4/8 + 3*c**3/2 - 27*c**2. What is the units digit of k(-6)?
3
What is the hundreds digit of (87 + -4)*(-4 + 7)?
2
Suppose 4*o - 4*h - 446 = 1486, 5 = h. Suppose 6*m = 2*m + o. What is the tens digit of m?
2
Suppose 0 = 5*u + 3*w + 444 - 2538, -1239 = -3*u + 4*w. What is the units digit of u?
7
Let h = 166 + 125. Let a = -205 + h. What is the units digit of a?
6
Suppose -2*d + 45 = 3*d. Let m(n) = 0 - 1 + d*n**3 + 26*n - 25*n. What is the units digit of m(1)?
9
Suppose 0*r = -4*r + 28. Suppose -2*o + 29 - r = 0. Let n = 15 - o. What is the units digit of n?
4
Suppose -4*s + 3*a + 32 = 0, 5*a = 4*s - s - 35. What is the units digit of 83/s - (-2 - (-8)/5)?
7
Suppose -3*n - 215 = w - 50, -825 = 5*w - n. Let v = 232 + -468. Let a = w - v. What is the tens digit of a?
7
What is the units digit of (-25)/(-10)*20/75*471?
4
Suppose -10 = -15*b + 20*b. Let l(h) = 11*h**2 - h. Let s be l(b). What is the tens digit of s + (0 + 1 - -3)?
5
Let h(a) = -60*a - 15. What is the tens digit of h(-7)?
0
Let f be (28 + 0)/4 + 1. Suppose 5*y + f = -42. Let j(g) = g**2 + 6*g - 12. What is the tens digit of j(y)?
2
Let q(m) be the third derivative of 12*m**6/5 - m**5/20 + m**4/24 + m**3/6 - 3*m**2. What is the units digit of q(1)?
7
Suppose 54 = -2*c - 102. Let t be (-13)/c + 47/6. Suppose 3*u = t*u - 25. What is the units digit of u?
5
Let j be (-7 + (0 - 3))/(6/(-3)). Suppose -2*a + j*y + 48 = -79, 5*y = -5. What is the tens digit of a?
6
Let s(h) = -7*h - 13. Let j(x) = -x**2 + 5*x + 17. Let b be j(8). What is the tens digit of s(b)?
3
Let l be (-8)/2 - (4 - 17). Let b = l - 25. Let h = 64 + b. What is the tens digit of h?
4
Let g = -11 + 23. Suppose 3*d = -0 + g. Suppose 5*k + 69 = d*z, 3*k + 19 = z - 7. What is the units digit of z?
1
Let o = -29 + 29. Suppose 2*j = -o*j + 8. What is the tens digit of 1*(28 - 4/j)?
2
Let x = 1302 + 2297. What is the units digit of x?
9
Suppose 0 = 4*q - 2*a + 160, 0 = 3*q + 2*q + 4*a + 213. Let h = q + 65. Suppose -h = -0*z - 6*z. What is the units digit of z?
4
Suppose -18976 = 918*y - 926*y. What is the hundreds digit of y?
3
Let j = -10 + 30. Suppose -133 = -3*g + j. What is the units digit of g?
1
Let q = -105 + 109. What is the units digit of (-1 - -133) + q - 4?
2
Let x be 98/(-6) - 4/6. Let r(l) = -l**3 - 17*l**2 - 15*l - 13. Let t be r(-16). Let o = x - t. What is the units digit of o?
2
Let w = 374 - 213. Let r = 227 - w. What is the units digit of r?
6
Let f be 7/((-7)/(-6))*-1. Let a = -216 - -249. Let u = a + f. What is the tens digit of u?
2
Suppose 10 = -2*p + 52. Suppose 5*l - 2*l = -p. Let f(g) = -5*g + 1. What is the units digit of f(l)?
6
Suppose -3*p + 7 + 19 = 5*k, -p + 2*k + 5 = 0. Suppose -222 = -8*c + p*c. What is the hundreds digit of c?
2
Suppose 3*f = -2*h + 2, -3*f + h - 1 = f. Suppose f = -c - 4*k + 5, -c + 0*k = k - 2. What is the units digit of 11/22*10*c?
5
Suppose 6*r + 72 = 2*r. Let v = 10 + r. Let n = v + 10. What is the units digit of n?
2
Let j be (-12 - -5 - -2)/1. Let d(b) = 6*b**2 + b + 9. What is the hundreds digit of d(j)?
1
Suppose -3*n + 12 - 3 = 0. Suppose n*t - t = -32. Let d = 32 + t. What is the tens digit of d?
1
Let j be 4/18 - (-65)/(-9). Let m be (-8)/28 - (-33)/j. What is the units digit of (-16)/m*(7 - 2)?
6
Suppose 5*h = 12 + 3. Suppose -6 = h*z - 18. What is the units digit of z?
4
Suppose 4*n + 0*n = n. Suppose -5*g + 10 + 35 = 0. Suppose -g = -n*b - b. What is the units digit of b?
9
Let v = -1059 - -1897. What is the units digit of v?
8
Suppose 0 = 4*q + 9 - 17. Suppose -5*l + q*l + 24 = 2*d, 5*l = 3*d - 36. What is the tens digit of d?
1
Suppose 2*n + 3*c = n - 3, 5*n + c = 27. Suppose 6 = 2*y - n. Suppose -5*m + 2*i = -106 - y, 3*i = m - 25. What is the units digit of m?
2
Suppose 4*r = -3*a + 21, 3*a = 2*r - r + 6. Let k be -4*(-3)/(-9)*-3. Suppose -d - a = 0, -k*o + 0*d + 69 = d. What is the tens digit of o?
1
Let i(k) = k**3 - 2*k**2 + 3*k - 15. Let c be i(3). Suppose 2*m = -4*x + 238, -c*m - 4*x - x = -362. What is the tens digit of m?
2
Suppose -328 = -3*d + 1145. What is the units digit of d?
1
Let v(s) = 278*s**2 + 3*s - 2. Let g be v(1). Suppose -11*j + 150 + g = 0. What is the units digit of j?
9
Let t = 4521 + -2754. What is the tens digit of t?
6
Suppose 32*l - 27524 - 23004 = 0. What is the tens digit of l?
7
Let h = 5 + -6. Let q be 0 + 1 - (-5)/h. What is the units digit of (0 - q) + 49 + 0?
3
Let m(v) = -v**2 + 18*v. Let z be m(18). What is the units digit of 1246/4 - (8/(-16) + z)?
2
Suppose -5*q - 1678 = 3*n - 5276, 4*q - 20 = 0. What is the units digit of n?
1
Suppose -3*d + 14 = -4*d. Let z(a) be the second derivative of -a**4/12 - 8*a**3/3 - a**2/2 - 3*a. What is the tens digit of z(d)?
2
Suppose -2*v + 19 = 2*o - 171, 0 = 2*o + 5*v - 181. Let u = 31 + o. Suppose -u = -4*q - 5. What is the tens digit of q?
3
Let r be 1/(5/5) - -4. Suppose 0*d + 183 = 3*f - 2*d, 0 = -r*f - 2*d + 321. What is the tens digit of f?
6
Suppose 79*x = 66*x + 2847. What is the hundreds digit of x?
2
Let d = 96 - 92. Suppose 3*o + 39 = 3*i + 117, -d*o - 2*i = -86. What is the units digit of o?
3
Let i(u) = -205*u - 111. What is the tens digit of i(-3)?
0
Let l = -155 + 576. What is the hundreds digit of l?
4
Let q be (-4)/6 - (235/(-15) + -3). Suppose -q = -s - 2*k, 0*k = k + 4. What is the tens digit of s?
2
Suppose p - x - 2*x - 26 = 0, -3*p - 2*x = -34. Let z = 0 + p. Let d = 87 - z. What is the units digit of d?
3
Let b be 9/12 + (-66)/(-8). What is the tens digit of ((-138)/b)/(1 + 7/(-6))?
9
Let v = 8 - 3. Suppose -2*j = h - v, j + 0*h - 5 = -3*h. Suppose 0 = s - j*s + 10. What is the tens digit of s?
1
Let v(c) be the third derivative of 0*c + 1/24*c**4 + 0 + 5*c**2 + 1/6*c**3 + 1/12*c**5 - 1/120*c**6. What is the tens digit of v(4)?
2
Let r = -93 - -98. Suppose 3*v - 121 - 312 = -2*i, 0 = -r*v + 15. What is the units digit of i?
2
Let y = -220 - -465. What is the units digit of y?
5
Let v(o) = -o**3 + 3*o**2 - o - 2. Let x be v(2). Suppose -3*m - 218 + 23 = x. What is the tens digit of (-8)/(-10) + (-2353)/m?
3
Let c be 2/(5 + 1) - (-18)/(-54). Suppose -2*t = -2*g + 148, 2*t + c + 4 = 0. What is the units digit of g?
2
Suppose -c - 2 = -4. Suppose c*b + 5*z - 175 = 78, 2*z = 4*b - 518. Suppose -5*i - 9 = -b. What is the tens digit of i?
2
Let a be (5 - 54/12) + (-166)/(-4). Suppose -159 = -5*c - 2*n, -c + 6*n + a = 3*n. What is the units digit of c?
3
Let b(o) = -o**2 + 7*o - 4. Suppose -13 = -2*u - 5. Let z be b(u). Suppose 4*c - z = -4*p, -4*p + 3*c + 0*c = -15. What is the units digit of p?
3
Suppose 4*b + 0*b = 12, 4*y = 4*b + 508. Suppose -3*j + 2*j + 26 = 3*n, 5*j - 4*n = y. What is the tens digit of j?
2
Let y(l) = -7*l + 46. Let c be y(6). Suppose c*a = -0*a + 284. What is the units digit of a?
1
Let a = 14 - 14. Let n be (a - -1)*(56 - -2). Suppose -3*f - n = -2*l - 2*f, l + 5*f - 29 = 0. What is the tens digit of l?
2
What is the hundreds digit of -5 - (-1600 - (-6 + 2 - 1))?
5
Let z(x) = -38*x - 65. Let n be z(5). Let u = n + 3